
False
Let r be ((-134)/(-6))/(4/312). Suppose -g + 2*g = 3*d + r, -5*g + d = -8696. Is g a prime number?
False
Suppose 5*d + 830 = 5*y, y - 5*y - 3*d = -699. Let z = -68 + y. Is z composite?
False
Suppose -39*r + 50118 = -33*r. Is r prime?
True
Suppose 1985 + 822 = 4*c - 5*m, 3*c = -m + 2091. Suppose f - c = -169. Suppose -z - 6*v + 174 = -3*v, 0 = -3*z - 2*v + f. Is z a composite number?
True
Let s = -2304 + 4321. Is s composite?
False
Is 36222 + (-3)/(-6)*-14 a prime number?
False
Let v = -2150 + 3559. Is v prime?
True
Let j = -2816 + 4663. Is j composite?
False
Suppose -2*c + z = -23080, -c + 8199 + 3346 = -3*z. Is c prime?
False
Let o(f) = -f + 23. Let k be o(13). Suppose -14*v = -k*v - 3964. Is v composite?
False
Let l be (-2*2 + 3)*(2435 + -1). Let p = 3843 + l. Is p composite?
False
Suppose -5*c + 33 = 4*a, -6*a + 4*c + 48 = -3*a. Suppose 3*j = 6*j + a. Is (237/4)/((-1)/j) composite?
True
Let u = 43 + -40. Suppose -2*f = 5*i - 294, i + 3*i = 3*f - 395. Suppose -22 = -u*s + f. Is s a composite number?
False
Let s = 18 + 39. Suppose 0 = s*b - 59*b + 4918. Is b prime?
True
Suppose -96 = -29*f - 3*f. Let s be ((-1)/2)/(2/(-16)). Suppose -5*u + 4593 = s*x + 682, -4*x + 3913 = f*u. Is x a composite number?
True
Let i(w) = -w**3 + w**2 + 2*w - 1. Let u be -2 - (2 + 0 + -2). Let t be i(u). Let h = 4 + t. Is h prime?
True
Suppose -5*g + 0 + 1 = n, g = -5*n + 5. Suppose -7*q + 2*q + 1595 = g. Is q composite?
True
Let m = 149 + -109. Suppose 3*z = 7*z - m. Is z a composite number?
True
Suppose 0 = -2*g - 0*g + 6854. Is g composite?
True
Suppose -g + 4 = -0*g. Is 3 - (g + -3)*-466 a composite number?
True
Suppose 2*z = t - 147, 7*z = 4*t + 2*z - 585. Is t prime?
False
Suppose -3*q - 1885 = -8*q - 2*x, -3*x = 3*q - 1122. Is q a prime number?
True
Suppose -5*g + 2339 = -4*l, -2*l - 896 - 974 = -4*g. Is g prime?
True
Suppose -68*j + 266106 = -62*j. Is j composite?
False
Is (-1 - 0)/((-9)/(366649 + 2)) prime?
True
Let h = 20008 - -5497. Is h a composite number?
True
Let q(g) = 202*g**2 + g + 2. Let x be q(-1). Let a = -93 + x. Suppose b = 75 + a. Is b a prime number?
False
Suppose 5*l = -0*r + 5*r + 3040, -r + 1201 = 2*l. Is l/18*(-2 + 48) composite?
True
Let p be (-1)/2*-522 + 1. Suppose -3*d + p = -2423. Is d a prime number?
False
Let f = 1669 - -1706. Suppose 9*h - 4*h + 5*o = f, 20 = -5*o. Is h a composite number?
True
Suppose -4*u = -2*u - 106. Let a = -42 + u. Is a a composite number?
False
Suppose -1 = 3*q - 16. Let u(o) = 96*o - 11. Is u(q) a composite number?
True
Let l = 2788 - -453. Is l composite?
True
Suppose 0 = o + 5*o - 18. Suppose 0*r = 5*n - r - 1469, -3*r + 867 = o*n. Is n a composite number?
False
Let k(i) = i**3 - 13*i**2 + 7. Let f = 91 - 33. Suppose f = 4*p + c + 6, 2*c = -p + 13. Is k(p) a composite number?
False
Suppose -3*x = 2*j + 2*j - 1284, 5*j + 1712 = 4*x. Suppose -4*w - x = -2104. Is w composite?
False
Let w be (6 - 1206)/(0 + -1). Let h = w - 409. Is h a composite number?
True
Let c(d) = d**2 - 11*d - 9. Let q be c(12). Suppose -q*o - 5*y + 3565 = 2*o, 4*y = 5*o - 3529. Is o composite?
False
Let u(o) = -95*o - 60. Let r(y) = 189*y + 121. Let s(v) = 2*r(v) + 5*u(v). Is s(-9) prime?
False
Let n be (-2)/(-6) + 64/6. Suppose -2*m + 3 = -n. Suppose m*r = 4*r + 489. Is r a prime number?
True
Let x(l) = -220*l + 2. Let n = -9 + 6. Let f be x(n). Is (f/6)/((-3)/(-9)) prime?
True
Let f(m) = 20*m**2 - 11*m + 18. Suppose 48 = -z + 4*z - 3*i, -2*i = 3*z - 23. Is f(z) a composite number?
True
Let w(h) = 104*h**3 - 4*h**2 + 4*h - 5. Is w(3) composite?
True
Suppose -s - 303 = -o - 6*s, -2*s - 558 = -2*o. Let m be (-7)/7 + 1*5. Suppose -3*d = a - 82, -5*d = m*a - 2*d - o. Is a prime?
True
Let j(b) = b**3 - 12*b**2 - 14*b + 19. Suppose 2*r + 41 = 2*k + 5*r, 3*k - 4*r = 19. Let q be j(k). Is (-2104)/(-12)*q/4 composite?
False
Let n(y) = 62*y**2 + 4*y + 2. Let o be n(-5). Suppose -3*m = -o - 478. Suppose 972 = 2*g - m. Is g prime?
True
Let s(u) = -u**3 + 25*u**2 - 18*u + 7. Is s(15) a prime number?
True
Let k = -34 + 80. Suppose 5*u + 887 = -4*a, u = 2*a - 86 - 83. Let p = k - u. Is p a prime number?
False
Let l be -7*(-7)/(49/6). Suppose 0 = l*v - 625 - 407. Let z = v - -201. Is z a composite number?
False
Let f(s) = s**2 + 22*s - 132. Is f(-41) composite?
False
Let g = -17635 - -31434. Is g composite?
False
Is 15572/(-8)*-4 + (-3)/(-1) a composite number?
False
Suppose -6*t - 364 + 3178 = 0. Suppose -5*m + t = -451. Suppose 2*r - m = -z, 3*z + 4*r = 4*z - 166. Is z prime?
False
Let r(p) = 946*p**2 + 22*p + 55. Is r(-3) a prime number?
False
Suppose 0 = 15*a - 13*a - 16. Suppose a*n - 4*n = 1228. Is n a composite number?
False
Let o = -6 - -5. Is (0 - (o + 2))*-587 a composite number?
False
Suppose 178*z - 174*z - 85420 = 0. Is z prime?
False
Let w(s) = s**3 - 8*s**2 - 3*s - 7. Let o(r) = 2*r**3 - 17*r**2 - 6*r - 14. Let i(m) = 2*o(m) - 5*w(m). Let q be i(7). Is 1/2*(5 - q) composite?
False
Suppose -57*r + 40628 = 3065. Is r prime?
True
Suppose 15*n = 19*n + 296. Let j = 553 + n. Is j composite?
False
Let z = 2 + -4. Let d be ((-40)/(-50))/(z/(-185)). Suppose -2*q + 792 = d. Is q a composite number?
False
Suppose -3*z - 5*m = -42022, -z = -64*m + 62*m - 14011. Is z a composite number?
False
Let q = -22733 - -44980. Is q a prime number?
True
Suppose -4*j + 8190 - 42992 = 2*z, -3*z + j = 52224. Is z/(-78) - 2/12 a prime number?
True
Let n = -43 + 40. Is 332 - (1 - -3) - n a prime number?
True
Suppose 0 = -10*w + 72129 + 65801. Is w composite?
True
Suppose 2*p + 49652 = -4*s + 19782, 5*p = 4*s + 29849. Suppose -6*g = -0 - 60. Is s/(-26) + g/(-65) composite?
True
Let n(m) = m**2 + 9*m - 7. Let f be n(-11). Let d be 68/(3 + (-43)/f). Is -10 + 8 - d/(-2) composite?
True
Suppose 3*t = 5*w - 20424, 10*t = 12*t + 6. Is w a composite number?
True
Suppose -11718 = -2*h + 904. Is h composite?
False
Let o(b) = -b**3 - 32*b**2 + 34*b - 173. Is o(-38) prime?
False
Suppose -4*b - 4205 = -3*j, 5*b + 872 = -2*j + 3660. Is j prime?
True
Let h(g) = -g**3 + 7*g**2 + 2*g + 5. Suppose 7*m = m + 12. Suppose 0 = m*n + 6, -5*v - 2*n = -2*v - 15. Is h(v) composite?
False
Let x(w) = -w**3 + 3*w**2 - w + 6. Let c be x(3). Suppose 5*r - 6568 = -c*r. Is r a composite number?
False
Let f(r) = -1489*r**3 + 3*r**2 - 6*r - 13. Is f(-2) a prime number?
True
Let b = 11 - 9. Let c be (-4 + 4)/b*1. Suppose 0 = -2*t - 4, c*x - 1189 = -3*x + 2*t. Is x prime?
False
Let y be 4 + 1 + (-2 - -5). Suppose -y*q + 2174 = -122. Is q a prime number?
False
Let g(y) = -73*y**2 - 2. Let p be g(-4). Let l be ((-28)/(-6))/((-20)/p). Suppose -c - l = -4*c. Is c composite?
True
Suppose y = -2*f + 50510, -105877 + 30112 = -3*f + 2*y. Is f composite?
True
Let h = 18 + -9. Suppose 3*a = -x - h, -a = -3*x - 2*a - 3. Suppose x = 3*f - 83 - 166. Is f prime?
True
Is 895404/60 - ((-126)/35 - -4) composite?
False
Suppose 15*a - 6051 = 714. Is a prime?
False
Suppose 3*w = 1 - 7. Let y be (1 - w/(-2)) + 3. Suppose -3*u - y*b = 1 - 109, u - 3*b - 40 = 0. Is u prime?
True
Let l(u) = -4930*u - 11. Is l(-1) prime?
True
Let k(r) = 33*r**2 + r - 13. Is k(-7) prime?
True
Let k(a) = -a + 20. Let s be k(14). Suppose 4*y + 19 = 2*f - y, -y + s = f. Is 21/49 + 5576/f a prime number?
True
Let l = -113 + 118. Suppose 3*r + l*g - 414 = 0, r - 2*g + 4*g - 139 = 0. Is r a prime number?
False
Let t = -2999 - -4747. Suppose -168 = -5*j - t. Let s = j + 609. Is s composite?
False
Suppose 2*u = -f - 3 + 9, 3*u - 4*f + 13 = 0. Suppose -r - u = -3. Suppose v = 3*c + 34, 49 + 7 = 2*v - r*c. Is v composite?
True
Let o = -26 + 32. Let w be (1 + -4)*o/2. Let r(j) = -49*j + 10. Is r(w) composite?
True
Let p(u) = -193*u**3 + u. Let v be p(1). Let l = v - -112. Let a = -43 - l. Is a a prime number?
True
Suppose 3*d + 26 = 5*t, 105 = -d - 4*d - 4*t. Let q = d + 100. Is q composite?
False
Suppose 4559 = -2*k - 3921. Let j = k - -7173. Is j prime?
False
Let s(f) = 124*f**2 + 14*f - 31. Is s(2) composite?
True
Suppose 17 = 3*r - 1. Suppose -r*v - 4*v = -3350. Is v a prime number?
False
Suppose -82 = d - 3*g, -4*d + 4*g - 288 = -0*g. Let j(x) = -16*x**2 - 6*x + 6. Let m be j(3). Let l = d - m. Is l prime?
True
Let y(m) = 154*m**3 - 5*m**2 + 8*m - 17. Is y(4) a composite number?
False
Suppose -11*o - 156048 = -59*o. Is o a composite 